 c.
269
Suppose -j + 3*j - 46 = 0. List the prime factors of j.
23
Suppose -5*r + 89 + 173 = -k, -2*r + 108 = -2*k. What are the prime factors of r?
2, 13
Let h(w) = -w**2 + 4*w + 8. Let s be h(5). Suppose -k + s = -29. What are the prime factors of k?
2
Let o = 26 - 13. Let f = 29 - 26. Let d = o + f. List the prime factors of d.
2
Let k = -7 - -17. Let h = k + 7. List the prime factors of h.
17
Let v be 9/6 - 6/(-4). Let p(h) = -5*h + 5*h**2 + h - 3*h**2. What are the prime factors of p(v)?
2, 3
What are the prime factors of 16/(-24)*(-42)/4?
7
Suppose 2*z = -2*z + 564. Suppose -2*g - 4*b + 84 + 8 = 0, 3*g + 3*b = z. List the prime factors of g.
2, 3
Suppose -3*l + 5*t = l - 1454, 5*t - 10 = 0. List the prime factors of (-4)/10 - l/(-15).
2, 3
Let f be (-3)/(-6) - (-2)/(-4). Let z = f + 12. List the prime factors of z.
2, 3
Suppose x - 2*j - 6 = 0, -4*j + j + 5 = 2*x. Suppose -x*k = 2*k - 186. List the prime factors of k.
31
Suppose q = 2*q + 5, -q + 25 = -5*c. Let i(r) = -r**2 - 7*r - 3. Let p be i(c). Suppose 0*o = -p*o + 6. List the prime factors of o.
2
Suppose 21 = p + 2*p. Let d(x) = 9 + 0*x**2 - 1 - 7*x + 1 + x**2. List the prime factors of d(p).
3
Suppose 0*k - 3*k - 13 = 2*t, 0 = -4*k + 3*t + 11. Let w be (0 + 1)*k*-4. Suppose 11 = w*s - 37. What are the prime factors of s?
2, 3
Suppose -28 = -2*b - 3*k, 20 = -b + 6*b - 5*k. What are the prime factors of b?
2
Suppose x - 137 - 113 = 4*y, 2*y + 240 = x. List the prime factors of x.
2, 5, 23
Suppose 20 = 4*p + 4*u, p - 3*p + 19 = -u. Let y = p - -3. What are the prime factors of y?
11
List the prime factors of (-784)/((-16)/(-4))*-1.
2, 7
Let j = -13 + 13. Suppose -m + j*m = -35. What are the prime factors of m?
5, 7
Let k be 333/12 + (-1)/(-4). Let f = k - 47. Let p = 27 + f. List the prime factors of p.
2
Suppose 0 = -4*x + 3 + 5. Suppose x*a + 4*d = 5*d + 45, -4*a + 72 = 4*d. What are the prime factors of a?
3, 7
Suppose 2*n + 4*w - 22 = 0, -4*n + 5*w + 14 + 30 = 0. List the prime factors of n.
11
Let y(g) = -2*g**3 - 5*g**2 + 6*g - 2. Let o(l) = 3*l**3 + 4*l**2 - 5*l + 2. Let c(d) = 3*o(d) + 4*y(d). List the prime factors of c(7).
2, 3
Suppose 5*y - 51 + 6 = 0. Let j = y + -6. What are the prime factors of j?
3
Suppose 4*m + j = 2*j + 19, 2*m + 2*j = 2. Let p = 12 - m. List the prime factors of p.
2
Let j(q) = q**2 - 5*q - 1. Suppose -a + 1 = -7. Let r = -2 + a. List the prime factors of j(r).
5
Let x(a) = -a - 1. Let o(h) = -14*h - 2. Let b(p) = p**2 - 7*p + 5. Let z be b(6). Let q(j) = z*x(j) + o(j). What are the prime factors of q(-1)?
2, 3
Let s(l) be the first derivative of 13*l**2/2 + 28. Let x(i) = i**2 - 4*i + 1. Let n be x(4). List the prime factors of s(n).
13
Let w = -1 - -3. Suppose w*g = q - 17 + 1, 0 = -q - g + 10. What are the prime factors of q?
2, 3
Suppose -5*o = 2*c - 1146, 0*c - 2*c = 4*o - 916. What are the prime factors of o?
2, 5, 23
Suppose -118*n + 114*n + 1364 = 0. What are the prime factors of n?
11, 31
Let w(l) = l**3 - 4*l**2 + 11*l + 1. Let s(a) = -a**3 + 4*a**2 - 10*a. Let p(y) = 6*s(y) + 5*w(y). Let n be p(4). List the prime factors of 8/5*n/(-2).
2, 3
Let i be (-2)/3*9/3. List the prime factors of 0 - i - (-2 - 9).
13
Let c be ((-7)/7)/((-1)/(-14)). Let i = 24 + c. List the prime factors of i.
2, 5
Let h(y) = y**3 - 10*y**2 + 11*y - 9. List the prime factors of h(9).
3
Let x = 1 + 1. Suppose -x*g - 17 = -3. Let c(t) = -2*t - 5. What are the prime factors of c(g)?
3
Let d be 3*(2 + -1) + 3. Suppose 5*s = 2*q + 18, -2*q + d = 5*s - 4*s. List the prime factors of 1/q*-1 + 24.
23
Suppose -8 = -2*l, -5*m + 168 - 60 = 2*l. What are the prime factors of m?
2, 5
Suppose 0 = -13*k + 9*k + 12. Suppose k*b + 11 = 131. What are the prime factors of b?
2, 5
Let t(y) = -y**3 - 9*y**2 - y - 4. Let q be t(-9). Suppose 8*f = q*f + 36. List the prime factors of f.
2, 3
Suppose 0 = 5*a - 28 - 87. Let r = -16 + a. List the prime factors of r.
7
Let l(i) = -i**2 + 6*i + 9. Let f(h) = h**2 - 6*h - 8. Let c = -2 - 1. Let b(r) = c*f(r) - 2*l(r). List the prime factors of b(5).
11
Let x(b) = -2*b. Let v be x(-1). Suppose -h + 2*d = -2 - 5, -2*h = 2*d - v. What are the prime factors of h?
3
Suppose 3*t + n - 59 - 9 = 0, 2*t = -3*n + 36. List the prime factors of (6/(-12))/((-2)/t).
2, 3
Suppose -4*s - 10 = -9*s. Suppose 0*m - s*m = -44. Suppose c = -c + m. What are the prime factors of c?
11
List the prime factors of (-8)/3*(-18)/12.
2
Let x be 3 + 3*(-6)/(-9). Suppose 3*h = -2*h - 5*z + 10, x*h = 5*z + 60. What are the prime factors of h?
7
Let r(o) = 2*o - 1. Let a be r(2). Suppose 0 = 5*d - a*d - 2. List the prime factors of 7 - (2 + -2) - d.
2, 3
Let p(w) = -6*w - 1. Suppose t = -2*g - 13, 0 = -3*g - 3*t + 2*t - 18. List the prime factors of p(g).
29
Let v(n) = -4*n**2 + 4. Let a(t) = -t**2 + 1. Let j(k) = -5*a(k) + v(k). List the prime factors of j(-3).
2
Let u = 28 - -15. List the prime factors of u.
43
Let x = -217 - -505. List the prime factors of x.
2, 3
Let n = 15 + 3. Suppose -n = -j - j. What are the prime factors of j?
3
Let c(p) = p**3 - 9*p**2 - 8*p + 6. Let q be (1 + 24)*10/25. List the prime factors of c(q).
2, 13
What are the prime factors of 6*(-6)/48 - 1263/(-4)?
3, 5, 7
Suppose 2*w = 4*w - 134. List the prime factors of w.
67
List the prime factors of (-9)/((-1)/(4/3)).
2, 3
Suppose 5*s + 3*o - 19 = 2, -5*s + 5*o + 5 = 0. Suppose s*w = -h + 3, -4*h = -5*h + 2*w - 2. What are the prime factors of 19 + 0 + h + -3?
2
Suppose 0 = -5*s - 20, -4*t + s + 17 = 5. List the prime factors of t/9 + 1824/54.
2, 17
Suppose -h = -2*p - 2, 10 = 5*h - 4*p + 2*p. Let l(c) = -7*c - 4 + 0 + 2*c**h + 8. What are the prime factors of l(4)?
2
Let h(s) = -2*s**2 + 3*s. Let z be h(3). Let l = 11 + z. What are the prime factors of l?
2
Let n(k) be the third derivative of k**6/120 - k**5/20 + k**4/24 - k**3/6 + k**2. What are the prime factors of n(3)?
2
Let z(d) = -d**3 + 7*d**2 + 3*d + 2. Suppose 0 = -5*r + 4*i + 29 - 6, -3*i + 30 = 3*r. What are the prime factors of z(r)?
23
Let c be (8/12)/(6/27). Suppose 12 = -c*l + 6*l. What are the prime factors of l?
2
Let b = 207 + -88. What are the prime factors of b?
7, 17
Let i(r) = -35*r**2 + 3*r + 1. Let k be i(-1). Let o = -19 - k. List the prime factors of o.
2, 3
Let c(p) = 2*p**2 + 3*p + 1. Let u(r) = -r**3 - 5*r**2 + 6*r - 3. Let t be u(-6). Let v be c(t). Suppose -5*s - 70 = -v*s. What are the prime factors of s?
2, 7
Let w(i) = 8*i**2 + 4*i - 8. List the prime factors of w(-4).
2, 13
Suppose o - 4 = -3*f, o + o = f + 22. List the prime factors of 35/o*(-8)/(-2).
2, 7
Let u(b) = b**2 - 5*b + 5. Let h be u(5). Suppose -m + 2 = -2, -m = h*z + 161. Let r = -20 - z. What are the prime factors of r?
13
Let d = -62 - -93. Let s(p) = p**2 - 11*p - 16. Let y be s(14). Suppose 0 = -4*m - 3*l + d, -2*m - l = -3*l - y. List the prime factors of m.
2, 5
Let t(l) = -l**3 + 12*l**2 - 10*l + 12. What are the prime factors of t(10)?
2, 7
Suppose -3*j - 384 = -7*j. Let w = -57 + j. List the prime factors of w.
3, 13
Let c be (-29)/(-3 + 4/2). Let a = c + -59. List the prime factors of (-1)/(-4) + a/(-8).
2
Suppose 107 = 4*o - 2*n - 47, -3*n = o - 35. What are the prime factors of o?
2, 19
What are the prime factors of 38*(-4)/(-8) - -3?
2, 11
Suppose 3*q = 1 + 20. List the prime factors of q.
7
Suppose b = -0*b - 4*x + 21, -b + 5*x + 57 = 0. What are the prime factors of b?
37
Let q = 97 - 58. What are the prime factors of q?
3, 13
Let d = 3 + -3. Suppose d = -2*a - 3*a. Suppose 0 = x - a - 10. List the prime factors of x.
2, 5
Let b(s) = -2*s - 3 - 4*s + 0*s. What are the prime factors of b(-3)?
3, 5
Let d(v) = v**3 + 5*v**2 - v + 3. Suppose -s = 3*x - x + 15, -5*s - 25 = 0. Let q be d(x). Let t(g) = -g**3 + 7*g**2 + 9*g - 2. List the prime factors of t(q).
2, 3
Suppose -201 = -9*l + 6*l. List the prime factors of l.
67
Let z = 125 - 81. Suppose s - 2 - z = 0. What are the prime factors of s?
2, 23
Suppose -3 = 4*d + 1. Let q be ((-1)/(-2))/(3/18). List the prime factors of 48/(-3)*d - q.
13
Let t be 1284/54 - (-4)/18. List the prime factors of t/9*18/4.
2, 3
Suppose 8 = 2*w - w. Let p(a) = 2*a - 12. What are the prime factors of p(w)?
2
Let i(a) = a**3 - 6*a**2 - 2*a + 1. Suppose -17 = -4*c + 11. Let p be i(c). Let y = p + -21. List the